{"id":360,"date":"2019-10-09T16:06:46","date_gmt":"2019-10-09T14:06:46","guid":{"rendered":"http:\/\/guillaume-castel-archi.com\/?page_id=360"},"modified":"2020-04-27T17:25:34","modified_gmt":"2020-04-27T15:25:34","slug":"archidev-centre-de-conferences-au-havre","status":"publish","type":"page","link":"https:\/\/guillaume-castel-archi.com\/?page_id=360","title":{"rendered":"Archidev Centre de conf\u00e9rences au Havre"},"content":{"rendered":"\n<figure class=\"wp-block-gallery columns-3 is-cropped wp-block-gallery-1 is-layout-flex\"><ul class=\"blocks-gallery-grid\"><li class=\"blocks-gallery-item\"><figure><img decoding=\"async\" loading=\"lazy\" width=\"960\" height=\"480\" src=\"http:\/\/guillaume-castel-archi.com\/wp-content\/uploads\/2019\/10\/6.jpg\" alt=\"\" data-id=\"385\" data-link=\"http:\/\/guillaume-castel-archi.com\/?attachment_id=385\" class=\"wp-image-385\" srcset=\"https:\/\/guillaume-castel-archi.com\/wp-content\/uploads\/2019\/10\/6.jpg 960w, https:\/\/guillaume-castel-archi.com\/wp-content\/uploads\/2019\/10\/6-300x150.jpg 300w, https:\/\/guillaume-castel-archi.com\/wp-content\/uploads\/2019\/10\/6-768x384.jpg 768w\" sizes=\"(max-width: 767px) 89vw, (max-width: 1000px) 54vw, (max-width: 1071px) 543px, 580px\" \/><\/figure><\/li><li class=\"blocks-gallery-item\"><figure><img decoding=\"async\" loading=\"lazy\" width=\"960\" height=\"480\" src=\"http:\/\/guillaume-castel-archi.com\/wp-content\/uploads\/2019\/10\/7.jpg\" alt=\"\" data-id=\"386\" data-link=\"http:\/\/guillaume-castel-archi.com\/?attachment_id=386\" class=\"wp-image-386\" srcset=\"https:\/\/guillaume-castel-archi.com\/wp-content\/uploads\/2019\/10\/7.jpg 960w, https:\/\/guillaume-castel-archi.com\/wp-content\/uploads\/2019\/10\/7-300x150.jpg 300w, https:\/\/guillaume-castel-archi.com\/wp-content\/uploads\/2019\/10\/7-768x384.jpg 768w\" sizes=\"(max-width: 767px) 89vw, (max-width: 1000px) 54vw, (max-width: 1071px) 543px, 580px\" \/><\/figure><\/li><li class=\"blocks-gallery-item\"><figure><img decoding=\"async\" loading=\"lazy\" width=\"960\" height=\"426\" src=\"http:\/\/guillaume-castel-archi.com\/wp-content\/uploads\/2019\/10\/8.jpg\" alt=\"\" data-id=\"387\" data-link=\"http:\/\/guillaume-castel-archi.com\/?attachment_id=387\" class=\"wp-image-387\" srcset=\"https:\/\/guillaume-castel-archi.com\/wp-content\/uploads\/2019\/10\/8.jpg 960w, https:\/\/guillaume-castel-archi.com\/wp-content\/uploads\/2019\/10\/8-300x133.jpg 300w, https:\/\/guillaume-castel-archi.com\/wp-content\/uploads\/2019\/10\/8-768x341.jpg 768w\" sizes=\"(max-width: 767px) 89vw, (max-width: 1000px) 54vw, (max-width: 1071px) 543px, 580px\" \/><\/figure><\/li><li class=\"blocks-gallery-item\"><figure><img decoding=\"async\" loading=\"lazy\" width=\"960\" height=\"487\" src=\"http:\/\/guillaume-castel-archi.com\/wp-content\/uploads\/2019\/10\/9.jpg\" alt=\"\" data-id=\"388\" data-link=\"http:\/\/guillaume-castel-archi.com\/?attachment_id=388\" class=\"wp-image-388\" srcset=\"https:\/\/guillaume-castel-archi.com\/wp-content\/uploads\/2019\/10\/9.jpg 960w, https:\/\/guillaume-castel-archi.com\/wp-content\/uploads\/2019\/10\/9-300x152.jpg 300w, https:\/\/guillaume-castel-archi.com\/wp-content\/uploads\/2019\/10\/9-768x390.jpg 768w\" sizes=\"(max-width: 767px) 89vw, (max-width: 1000px) 54vw, (max-width: 1071px) 543px, 580px\" \/><\/figure><\/li><li class=\"blocks-gallery-item\"><figure><img decoding=\"async\" loading=\"lazy\" width=\"960\" height=\"487\" src=\"http:\/\/guillaume-castel-archi.com\/wp-content\/uploads\/2019\/10\/10.jpg\" alt=\"\" data-id=\"389\" data-link=\"http:\/\/guillaume-castel-archi.com\/?attachment_id=389\" class=\"wp-image-389\" srcset=\"https:\/\/guillaume-castel-archi.com\/wp-content\/uploads\/2019\/10\/10.jpg 960w, https:\/\/guillaume-castel-archi.com\/wp-content\/uploads\/2019\/10\/10-300x152.jpg 300w, https:\/\/guillaume-castel-archi.com\/wp-content\/uploads\/2019\/10\/10-768x390.jpg 768w\" sizes=\"(max-width: 767px) 89vw, (max-width: 1000px) 54vw, (max-width: 1071px) 543px, 580px\" \/><\/figure><\/li><li class=\"blocks-gallery-item\"><figure><img decoding=\"async\" loading=\"lazy\" width=\"960\" height=\"960\" src=\"http:\/\/guillaume-castel-archi.com\/wp-content\/uploads\/2019\/10\/2.jpg\" alt=\"\" data-id=\"381\" data-link=\"http:\/\/guillaume-castel-archi.com\/?attachment_id=381\" class=\"wp-image-381\" srcset=\"https:\/\/guillaume-castel-archi.com\/wp-content\/uploads\/2019\/10\/2.jpg 960w, https:\/\/guillaume-castel-archi.com\/wp-content\/uploads\/2019\/10\/2-150x150.jpg 150w, https:\/\/guillaume-castel-archi.com\/wp-content\/uploads\/2019\/10\/2-300x300.jpg 300w, https:\/\/guillaume-castel-archi.com\/wp-content\/uploads\/2019\/10\/2-768x768.jpg 768w, https:\/\/guillaume-castel-archi.com\/wp-content\/uploads\/2019\/10\/2-100x100.jpg 100w\" sizes=\"(max-width: 767px) 89vw, (max-width: 1000px) 54vw, (max-width: 1071px) 543px, 580px\" \/><\/figure><\/li><li class=\"blocks-gallery-item\"><figure><img decoding=\"async\" loading=\"lazy\" width=\"960\" height=\"540\" src=\"http:\/\/guillaume-castel-archi.com\/wp-content\/uploads\/2019\/10\/3.jpg\" alt=\"\" data-id=\"382\" data-link=\"http:\/\/guillaume-castel-archi.com\/?attachment_id=382\" class=\"wp-image-382\" srcset=\"https:\/\/guillaume-castel-archi.com\/wp-content\/uploads\/2019\/10\/3.jpg 960w, https:\/\/guillaume-castel-archi.com\/wp-content\/uploads\/2019\/10\/3-300x169.jpg 300w, https:\/\/guillaume-castel-archi.com\/wp-content\/uploads\/2019\/10\/3-768x432.jpg 768w\" sizes=\"(max-width: 767px) 89vw, (max-width: 1000px) 54vw, (max-width: 1071px) 543px, 580px\" \/><\/figure><\/li><li class=\"blocks-gallery-item\"><figure><img decoding=\"async\" loading=\"lazy\" width=\"960\" height=\"456\" src=\"http:\/\/guillaume-castel-archi.com\/wp-content\/uploads\/2019\/10\/5.jpg\" alt=\"\" data-id=\"384\" data-link=\"http:\/\/guillaume-castel-archi.com\/?attachment_id=384\" class=\"wp-image-384\" srcset=\"https:\/\/guillaume-castel-archi.com\/wp-content\/uploads\/2019\/10\/5.jpg 960w, https:\/\/guillaume-castel-archi.com\/wp-content\/uploads\/2019\/10\/5-300x143.jpg 300w, https:\/\/guillaume-castel-archi.com\/wp-content\/uploads\/2019\/10\/5-768x365.jpg 768w\" sizes=\"(max-width: 767px) 89vw, (max-width: 1000px) 54vw, (max-width: 1071px) 543px, 580px\" \/><\/figure><\/li><\/ul><\/figure>\n\n\n<p class=\"has-text-align-justify\">Agence d&rsquo;Architecture Archidev<\/p>\n<p><!-- \/wp:paragraph --><!-- wp:paragraph {\"align\":\"justify\"} --><\/p>\n<p><!-- \/wp:paragraph --><!-- wp:paragraph --><\/p>\n<p>Ma\u00eetrise d&rsquo;ouvrage : Le Havre agglom\u00e9ration, b\u00e2timent existant<\/p>\n<p>R\u00e9habilitation lourde et extension, des docks caf\u00e9s au Havres.<\/p>\n<p><!-- \/wp:paragraph --><!-- wp:paragraph --><\/p>\n<p>Surface = 18 000 m\u00b2<\/p>\n<p><!-- wp:paragraph --><\/p>\n<p>Concours : F\u00e9vrier 2014<\/p>\n<p><!-- \/wp:paragraph --><\/p>\n<p><!-- wp:paragraph --><\/p>\n<p><!-- \/wp:paragraph --><\/p>\n<p><!-- wp:paragraph --><\/p>\n<p><strong>R\u00f4le sur le projet<\/strong><\/p>\n<p><!-- \/wp:paragraph --><\/p>\n<p><!-- wp:paragraph --><\/p>\n<p>Architecte assistant chef de projet,<\/p>\n<p><!-- \/wp:paragraph --><\/p>\n<p><!-- wp:paragraph --><\/p>\n<p>\u00c9tablissement de documents graphiques pour constitution des panneaux de concours<\/p>\n<p><!-- \/wp:paragraph --><\/p>\n<p><!-- wp:paragraph --><\/p>\n<p>Phases : Concours,<\/p>\n<p><!-- \/wp:paragraph --><\/p>\n<p><!-- wp:paragraph --><\/p>\n<p>Logiciel : Autocad, Sketshup<\/p>\n<p><!-- \/wp:paragraph --><\/p>\n<p><!-- wp:paragraph --><\/p>\n<p>Cr\u00e9ation d&rsquo;\u00e9l\u00e9ments selon une liste de documents graphiques exig\u00e9s pour le concours ce projet. Mon travail a \u00e9t\u00e9 de la mise en page, et production des \u00e9l\u00e9ments des panneaux jusqu&rsquo;\u00e0 leur rendu.<\/p>\n<p><!--EndFragment--><\/p>\n<p><!-- wp:gallery {\"ids\":[377,378,379],\"columns\":1} --><\/p>\n<ul class=\"wp-block-gallery columns-1 is-cropped\">\n<li class=\"blocks-gallery-item\">\n<figure><img decoding=\"async\" loading=\"lazy\" width=\"1024\" height=\"538\" class=\"wp-image-377\" src=\"http:\/\/guillaume-castel-archi.com\/wp-content\/uploads\/2019\/10\/palais-lh-PLANCHE-1-1024x538.jpg\" alt=\"\" data-id=\"377\" data-link=\"http:\/\/guillaume-castel-archi.com\/?attachment_id=377\" srcset=\"https:\/\/guillaume-castel-archi.com\/wp-content\/uploads\/2019\/10\/palais-lh-PLANCHE-1-1024x538.jpg 1024w, https:\/\/guillaume-castel-archi.com\/wp-content\/uploads\/2019\/10\/palais-lh-PLANCHE-1-300x158.jpg 300w, https:\/\/guillaume-castel-archi.com\/wp-content\/uploads\/2019\/10\/palais-lh-PLANCHE-1-768x403.jpg 768w\" sizes=\"(max-width: 767px) 89vw, (max-width: 1000px) 54vw, (max-width: 1071px) 543px, 580px\" \/><\/figure>\n<\/li>\n<li class=\"blocks-gallery-item\">\n<figure><img decoding=\"async\" loading=\"lazy\" width=\"1024\" height=\"724\" class=\"wp-image-378\" src=\"http:\/\/guillaume-castel-archi.com\/wp-content\/uploads\/2019\/10\/palais-lh-PLANCHE-2-1024x724.jpg\" alt=\"\" data-id=\"378\" data-link=\"http:\/\/guillaume-castel-archi.com\/?attachment_id=378\" srcset=\"https:\/\/guillaume-castel-archi.com\/wp-content\/uploads\/2019\/10\/palais-lh-PLANCHE-2-1024x724.jpg 1024w, https:\/\/guillaume-castel-archi.com\/wp-content\/uploads\/2019\/10\/palais-lh-PLANCHE-2-300x212.jpg 300w, https:\/\/guillaume-castel-archi.com\/wp-content\/uploads\/2019\/10\/palais-lh-PLANCHE-2-768x543.jpg 768w\" sizes=\"(max-width: 767px) 89vw, (max-width: 1000px) 54vw, (max-width: 1071px) 543px, 580px\" \/><\/figure>\n<\/li>\n<li class=\"blocks-gallery-item\">\n<figure><img decoding=\"async\" loading=\"lazy\" width=\"1024\" height=\"724\" class=\"wp-image-379\" src=\"http:\/\/guillaume-castel-archi.com\/wp-content\/uploads\/2019\/10\/palais-lh-PLANCHE-3-1024x724.jpg\" alt=\"\" data-id=\"379\" data-link=\"http:\/\/guillaume-castel-archi.com\/?attachment_id=379\" srcset=\"https:\/\/guillaume-castel-archi.com\/wp-content\/uploads\/2019\/10\/palais-lh-PLANCHE-3-1024x724.jpg 1024w, https:\/\/guillaume-castel-archi.com\/wp-content\/uploads\/2019\/10\/palais-lh-PLANCHE-3-300x212.jpg 300w, https:\/\/guillaume-castel-archi.com\/wp-content\/uploads\/2019\/10\/palais-lh-PLANCHE-3-768x543.jpg 768w\" sizes=\"(max-width: 767px) 89vw, (max-width: 1000px) 54vw, (max-width: 1071px) 543px, 580px\" \/><\/figure>\n<\/li>\n<\/ul>\n<p><!-- \/wp:gallery --><\/p>\n\n<!-- wp:image {\"id\":383,\"width\":240,\"height\":120,\"sizeSlug\":\"large\"} -->\n<figure class=\"wp-block-image size-large is-resized\"><a href=\"http:\/\/www.archidev.com\/projets-concours\/\" target=\"_blank\" rel=\"noopener noreferrer\"><img decoding=\"async\" loading=\"lazy\" src=\"http:\/\/guillaume-castel-archi.com\/wp-content\/uploads\/2019\/10\/4.jpg\" alt=\"\" class=\"wp-image-383\" width=\"240\" height=\"120\" srcset=\"https:\/\/guillaume-castel-archi.com\/wp-content\/uploads\/2019\/10\/4.jpg 960w, https:\/\/guillaume-castel-archi.com\/wp-content\/uploads\/2019\/10\/4-300x150.jpg 300w, https:\/\/guillaume-castel-archi.com\/wp-content\/uploads\/2019\/10\/4-768x384.jpg 768w\" sizes=\"(max-width: 240px) 100vw, 240px\" \/><\/a><figcaption>Voir le projet sur le site Archidev<\/figcaption><\/figure>\n<!-- \/wp:image -->","protected":false},"excerpt":{"rendered":"<p>Agence d&rsquo;Architecture Archidev Ma\u00eetrise d&rsquo;ouvrage : Le Havre agglom\u00e9ration, b\u00e2timent existant R\u00e9habilitation lourde et extension, des docks caf\u00e9s au Havres. Surface = 18 000 m\u00b2 Concours : F\u00e9vrier 2014 R\u00f4le sur le projet Architecte assistant chef de projet, \u00c9tablissement de documents graphiques pour constitution des panneaux de concours Phases : Concours, Logiciel : Autocad, Sketshup &hellip; <\/p>\n<p class=\"link-more\"><a href=\"https:\/\/guillaume-castel-archi.com\/?page_id=360\" class=\"more-link\">Continuer la lecture<span class=\"screen-reader-text\"> de &laquo;&nbsp;Archidev Centre de conf\u00e9rences au Havre&nbsp;&raquo;<\/span><\/a><\/p>\n","protected":false},"author":1,"featured_media":383,"parent":203,"menu_order":0,"comment_status":"closed","ping_status":"closed","template":"","meta":[],"_links":{"self":[{"href":"https:\/\/guillaume-castel-archi.com\/index.php?rest_route=\/wp\/v2\/pages\/360"}],"collection":[{"href":"https:\/\/guillaume-castel-archi.com\/index.php?rest_route=\/wp\/v2\/pages"}],"about":[{"href":"https:\/\/guillaume-castel-archi.com\/index.php?rest_route=\/wp\/v2\/types\/page"}],"author":[{"embeddable":true,"href":"https:\/\/guillaume-castel-archi.com\/index.php?rest_route=\/wp\/v2\/users\/1"}],"replies":[{"embeddable":true,"href":"https:\/\/guillaume-castel-archi.com\/index.php?rest_route=%2Fwp%2Fv2%2Fcomments&post=360"}],"version-history":[{"count":7,"href":"https:\/\/guillaume-castel-archi.com\/index.php?rest_route=\/wp\/v2\/pages\/360\/revisions"}],"predecessor-version":[{"id":1194,"href":"https:\/\/guillaume-castel-archi.com\/index.php?rest_route=\/wp\/v2\/pages\/360\/revisions\/1194"}],"up":[{"embeddable":true,"href":"https:\/\/guillaume-castel-archi.com\/index.php?rest_route=\/wp\/v2\/pages\/203"}],"wp:featuredmedia":[{"embeddable":true,"href":"https:\/\/guillaume-castel-archi.com\/index.php?rest_route=\/wp\/v2\/media\/383"}],"wp:attachment":[{"href":"https:\/\/guillaume-castel-archi.com\/index.php?rest_route=%2Fwp%2Fv2%2Fmedia&parent=360"}],"curies":[{"name":"wp","href":"https:\/\/api.w.org\/{rel}","templated":true}]}}