{"id":414,"date":"2019-10-09T17:52:36","date_gmt":"2019-10-09T15:52:36","guid":{"rendered":"http:\/\/guillaume-castel-archi.com\/?page_id=414"},"modified":"2020-04-27T17:23:03","modified_gmt":"2020-04-27T15:23:03","slug":"archidev-la-poste","status":"publish","type":"page","link":"https:\/\/guillaume-castel-archi.com\/?page_id=414","title":{"rendered":"Archidev La poste"},"content":{"rendered":"<p class=\"has-text-align-justify\">Agence d&rsquo;Architecture Archidev<\/p>\n<p><!-- \/wp:paragraph --><!-- wp:paragraph {\"align\":\"justify\"} --><\/p>\n<p><!-- \/wp:paragraph --><!-- wp:paragraph --><\/p>\n<p>Ma\u00eetrise d&rsquo;ouvrage : La poste immobilier, batiment existant<\/p>\n<p>Am\u00e9nagement d&rsquo;une salle de restaurant d&rsquo;entreprise.<\/p>\n<p><!-- \/wp:paragraph --><!-- wp:paragraph --><\/p>\n<p>Surface = 350 m\u00b2<\/p>\n<p><!-- wp:paragraph --><\/p>\n<p>Livraison : 2014<\/p>\n<p><!-- \/wp:paragraph --><\/p>\n<p><!-- wp:paragraph --><\/p>\n<p><!-- \/wp:paragraph --><\/p>\n<p><!-- wp:paragraph --><\/p>\n<p><strong>R\u00f4le sur le projet<\/strong><\/p>\n<p><!-- \/wp:paragraph --><\/p>\n<p><!-- wp:paragraph --><\/p>\n<p>Architecte assistant chef de projet,<\/p>\n<p><!-- \/wp:paragraph --><\/p>\n<p><!-- wp:paragraph --><\/p>\n<p>Propositions et Mise au point du projet d&rsquo;am\u00e9nagement int\u00e9rieur<\/p>\n<p><!-- \/wp:paragraph --><\/p>\n<p><!-- wp:paragraph --><\/p>\n<p>Phases : Chantier<\/p>\n<p><!-- \/wp:paragraph --><\/p>\n<p><!-- wp:paragraph --><\/p>\n<p>Logiciel : Autocad, Sketshup<\/p>\n<p><!-- \/wp:paragraph --><\/p>\n<p><!-- wp:paragraph --><\/p>\n<p><!-- wp:gallery {\"ids\":[408,410,411,412],\"linkTo\":\"attachment\"} --><\/p>\n<ul class=\"wp-block-gallery columns-3 is-cropped\">\n<li class=\"blocks-gallery-item\">\n<figure><a href=\"http:\/\/guillaume-castel-archi.com\/?attachment_id=408\"><img decoding=\"async\" loading=\"lazy\" width=\"1024\" height=\"555\" class=\"wp-image-408\" src=\"http:\/\/guillaume-castel-archi.com\/wp-content\/uploads\/2019\/10\/la-poste-1-1024x555.jpg\" alt=\"\" data-id=\"408\" data-link=\"http:\/\/guillaume-castel-archi.com\/?attachment_id=408\" srcset=\"https:\/\/guillaume-castel-archi.com\/wp-content\/uploads\/2019\/10\/la-poste-1-1024x555.jpg 1024w, https:\/\/guillaume-castel-archi.com\/wp-content\/uploads\/2019\/10\/la-poste-1-300x163.jpg 300w, https:\/\/guillaume-castel-archi.com\/wp-content\/uploads\/2019\/10\/la-poste-1-768x416.jpg 768w, https:\/\/guillaume-castel-archi.com\/wp-content\/uploads\/2019\/10\/la-poste-1.jpg 1472w\" sizes=\"(max-width: 767px) 89vw, (max-width: 1000px) 54vw, (max-width: 1071px) 543px, 580px\" \/><\/a><\/figure>\n<\/li>\n<li class=\"blocks-gallery-item\">\n<figure><a href=\"http:\/\/guillaume-castel-archi.com\/?attachment_id=410\"><img decoding=\"async\" loading=\"lazy\" width=\"1024\" height=\"550\" class=\"wp-image-410\" src=\"http:\/\/guillaume-castel-archi.com\/wp-content\/uploads\/2019\/10\/la-poste-3-1024x550.jpg\" alt=\"\" data-id=\"410\" data-link=\"http:\/\/guillaume-castel-archi.com\/?attachment_id=410\" srcset=\"https:\/\/guillaume-castel-archi.com\/wp-content\/uploads\/2019\/10\/la-poste-3-1024x550.jpg 1024w, https:\/\/guillaume-castel-archi.com\/wp-content\/uploads\/2019\/10\/la-poste-3-300x161.jpg 300w, https:\/\/guillaume-castel-archi.com\/wp-content\/uploads\/2019\/10\/la-poste-3-768x412.jpg 768w, https:\/\/guillaume-castel-archi.com\/wp-content\/uploads\/2019\/10\/la-poste-3.jpg 1481w\" sizes=\"(max-width: 767px) 89vw, (max-width: 1000px) 54vw, (max-width: 1071px) 543px, 580px\" \/><\/a><\/figure>\n<\/li>\n<li class=\"blocks-gallery-item\">\n<figure><a href=\"http:\/\/guillaume-castel-archi.com\/?attachment_id=411\"><img decoding=\"async\" loading=\"lazy\" width=\"1024\" height=\"556\" class=\"wp-image-411\" src=\"http:\/\/guillaume-castel-archi.com\/wp-content\/uploads\/2019\/10\/la-poste-4-1024x556.jpg\" alt=\"\" data-id=\"411\" data-link=\"http:\/\/guillaume-castel-archi.com\/?attachment_id=411\" srcset=\"https:\/\/guillaume-castel-archi.com\/wp-content\/uploads\/2019\/10\/la-poste-4-1024x556.jpg 1024w, https:\/\/guillaume-castel-archi.com\/wp-content\/uploads\/2019\/10\/la-poste-4-300x163.jpg 300w, https:\/\/guillaume-castel-archi.com\/wp-content\/uploads\/2019\/10\/la-poste-4-768x417.jpg 768w, https:\/\/guillaume-castel-archi.com\/wp-content\/uploads\/2019\/10\/la-poste-4.jpg 1478w\" sizes=\"(max-width: 767px) 89vw, (max-width: 1000px) 54vw, (max-width: 1071px) 543px, 580px\" \/><\/a><\/figure>\n<\/li>\n<li class=\"blocks-gallery-item\">\n<figure><a href=\"http:\/\/guillaume-castel-archi.com\/?attachment_id=412\"><img decoding=\"async\" loading=\"lazy\" width=\"1024\" height=\"549\" class=\"wp-image-412\" src=\"http:\/\/guillaume-castel-archi.com\/wp-content\/uploads\/2019\/10\/la-poste-5-1024x549.jpg\" alt=\"\" data-id=\"412\" data-link=\"http:\/\/guillaume-castel-archi.com\/?attachment_id=412\" srcset=\"https:\/\/guillaume-castel-archi.com\/wp-content\/uploads\/2019\/10\/la-poste-5-1024x549.jpg 1024w, https:\/\/guillaume-castel-archi.com\/wp-content\/uploads\/2019\/10\/la-poste-5-300x161.jpg 300w, https:\/\/guillaume-castel-archi.com\/wp-content\/uploads\/2019\/10\/la-poste-5-768x411.jpg 768w, https:\/\/guillaume-castel-archi.com\/wp-content\/uploads\/2019\/10\/la-poste-5.jpg 1484w\" sizes=\"(max-width: 767px) 89vw, (max-width: 1000px) 54vw, (max-width: 1071px) 543px, 580px\" \/><\/a><\/figure>\n<\/li>\n<\/ul>\n<p><!-- \/wp:gallery --><\/p>\n\n<!-- wp:image {\"id\":409,\"width\":113,\"height\":113,\"sizeSlug\":\"thumbnail\"} -->\n<figure class=\"wp-block-image size-thumbnail is-resized\"><a href=\"http:\/\/www.archidev.com\/projets-concours\/\" target=\"_blank\" rel=\"noopener noreferrer\"><img decoding=\"async\" loading=\"lazy\" src=\"http:\/\/guillaume-castel-archi.com\/wp-content\/uploads\/2019\/10\/la-poste-2-150x150.jpg\" alt=\"\" class=\"wp-image-409\" width=\"113\" height=\"113\" srcset=\"https:\/\/guillaume-castel-archi.com\/wp-content\/uploads\/2019\/10\/la-poste-2-150x150.jpg 150w, https:\/\/guillaume-castel-archi.com\/wp-content\/uploads\/2019\/10\/la-poste-2-100x100.jpg 100w\" sizes=\"(max-width: 113px) 100vw, 113px\" \/><\/a><figcaption>Voir le projet sur le site Archidev<\/figcaption><\/figure>\n<!-- \/wp:image -->","protected":false},"excerpt":{"rendered":"<p>Agence d&rsquo;Architecture Archidev Ma\u00eetrise d&rsquo;ouvrage : La poste immobilier, batiment existant Am\u00e9nagement d&rsquo;une salle de restaurant d&rsquo;entreprise. Surface = 350 m\u00b2 Livraison : 2014 R\u00f4le sur le projet Architecte assistant chef de projet, Propositions et Mise au point du projet d&rsquo;am\u00e9nagement int\u00e9rieur Phases : Chantier Logiciel : Autocad, Sketshup Voir le projet sur le site &hellip; <\/p>\n<p class=\"link-more\"><a href=\"https:\/\/guillaume-castel-archi.com\/?page_id=414\" class=\"more-link\">Continuer la lecture<span class=\"screen-reader-text\"> de &laquo;&nbsp;Archidev La poste&nbsp;&raquo;<\/span><\/a><\/p>\n","protected":false},"author":1,"featured_media":409,"parent":203,"menu_order":0,"comment_status":"closed","ping_status":"closed","template":"","meta":[],"_links":{"self":[{"href":"https:\/\/guillaume-castel-archi.com\/index.php?rest_route=\/wp\/v2\/pages\/414"}],"collection":[{"href":"https:\/\/guillaume-castel-archi.com\/index.php?rest_route=\/wp\/v2\/pages"}],"about":[{"href":"https:\/\/guillaume-castel-archi.com\/index.php?rest_route=\/wp\/v2\/types\/page"}],"author":[{"embeddable":true,"href":"https:\/\/guillaume-castel-archi.com\/index.php?rest_route=\/wp\/v2\/users\/1"}],"replies":[{"embeddable":true,"href":"https:\/\/guillaume-castel-archi.com\/index.php?rest_route=%2Fwp%2Fv2%2Fcomments&post=414"}],"version-history":[{"count":5,"href":"https:\/\/guillaume-castel-archi.com\/index.php?rest_route=\/wp\/v2\/pages\/414\/revisions"}],"predecessor-version":[{"id":1193,"href":"https:\/\/guillaume-castel-archi.com\/index.php?rest_route=\/wp\/v2\/pages\/414\/revisions\/1193"}],"up":[{"embeddable":true,"href":"https:\/\/guillaume-castel-archi.com\/index.php?rest_route=\/wp\/v2\/pages\/203"}],"wp:featuredmedia":[{"embeddable":true,"href":"https:\/\/guillaume-castel-archi.com\/index.php?rest_route=\/wp\/v2\/media\/409"}],"wp:attachment":[{"href":"https:\/\/guillaume-castel-archi.com\/index.php?rest_route=%2Fwp%2Fv2%2Fmedia&parent=414"}],"curies":[{"name":"wp","href":"https:\/\/api.w.org\/{rel}","templated":true}]}}